[INFO] cloning repository https://github.com/Flourish3/NEAT-rust
[INFO] running `Command { std: "git" "-c" "credential.helper=" "-c" "credential.helper=/workspace/cargo-home/bin/git-credential-null" "clone" "--bare" "https://github.com/Flourish3/NEAT-rust" "/workspace/cache/git-repos/https%3A%2F%2Fgithub.com%2FFlourish3%2FNEAT-rust", kill_on_drop: false }`
[INFO] [stderr] Cloning into bare repository '/workspace/cache/git-repos/https%3A%2F%2Fgithub.com%2FFlourish3%2FNEAT-rust'...
[INFO] running `Command { std: "git" "rev-parse" "HEAD", kill_on_drop: false }`
[INFO] [stdout] 34316f54d3633a98a79d4338b754f08e345a5c2f
[INFO] checking Flourish3/NEAT-rust against master#af3c6e733a40e671550e0f0f5aeecaa13772ba56 for pr-74989
[INFO] running `Command { std: "git" "clone" "/workspace/cache/git-repos/https%3A%2F%2Fgithub.com%2FFlourish3%2FNEAT-rust" "/workspace/builds/worker-13/source", kill_on_drop: false }`
[INFO] [stderr] Cloning into '/workspace/builds/worker-13/source'...
[INFO] [stderr] done.
[INFO] validating manifest of git repo https://github.com/Flourish3/NEAT-rust on toolchain af3c6e733a40e671550e0f0f5aeecaa13772ba56
[INFO] running `Command { std: "/workspace/cargo-home/bin/cargo" "+af3c6e733a40e671550e0f0f5aeecaa13772ba56" "read-manifest" "--manifest-path" "Cargo.toml", kill_on_drop: false }`
[INFO] started tweaking git repo https://github.com/Flourish3/NEAT-rust
[INFO] removed workspace from git repo https://github.com/Flourish3/NEAT-rust
[INFO] removed path dependency genome from git repo https://github.com/Flourish3/NEAT-rust
[INFO] finished tweaking git repo https://github.com/Flourish3/NEAT-rust
[INFO] tweaked toml for git repo https://github.com/Flourish3/NEAT-rust written to /workspace/builds/worker-13/source/Cargo.toml
[INFO] crate git repo https://github.com/Flourish3/NEAT-rust already has a lockfile, it will not be regenerated
[INFO] running `Command { std: "/workspace/cargo-home/bin/cargo" "+af3c6e733a40e671550e0f0f5aeecaa13772ba56" "fetch" "--locked" "--manifest-path" "Cargo.toml", kill_on_drop: false }`
[INFO] [stderr] warning: dependency (genome) specified without providing a local path, Git repository, or version to use. This will be considered an error in future versions
[INFO] [stderr]     Blocking waiting for file lock on package cache
[INFO] [stderr]     Updating crates.io index
[INFO] [stderr] error: the lock file /workspace/builds/worker-13/source/Cargo.lock needs to be updated but --locked was passed to prevent this
[INFO] [stderr] If you want to try to generate the lock file without accessing the network, use the --offline flag.
[INFO] the lockfile is outdated, regenerating it
[INFO] running `Command { std: "/workspace/cargo-home/bin/cargo" "+af3c6e733a40e671550e0f0f5aeecaa13772ba56" "generate-lockfile" "--manifest-path" "Cargo.toml" "-Zno-index-update", kill_on_drop: false }`
[INFO] running `Command { std: "/workspace/cargo-home/bin/cargo" "+af3c6e733a40e671550e0f0f5aeecaa13772ba56" "fetch" "--locked" "--manifest-path" "Cargo.toml", kill_on_drop: false }`
[INFO] [stderr] warning: dependency (genome) specified without providing a local path, Git repository, or version to use. This will be considered an error in future versions
[INFO] [stderr]     Blocking waiting for file lock on package cache
[INFO] running `Command { std: "docker" "create" "-v" "/var/lib/crater-agent-workspace/builds/worker-13/target:/opt/rustwide/target:rw,Z" "-v" "/var/lib/crater-agent-workspace/builds/worker-13/source:/opt/rustwide/workdir:ro,Z" "-v" "/var/lib/crater-agent-workspace/cargo-home:/opt/rustwide/cargo-home:ro,Z" "-v" "/var/lib/crater-agent-workspace/rustup-home:/opt/rustwide/rustup-home:ro,Z" "-e" "SOURCE_DIR=/opt/rustwide/workdir" "-e" "CARGO_TARGET_DIR=/opt/rustwide/target" "-e" "CARGO_HOME=/opt/rustwide/cargo-home" "-e" "RUSTUP_HOME=/opt/rustwide/rustup-home" "-w" "/opt/rustwide/workdir" "-m" "1610612736" "--user" "0:0" "--network" "none" "rustops/crates-build-env@sha256:d92eaeed33fa75130ca1ee6c8a01d1ffb62bac859dfdfb3450e3e5d1c0146529" "/opt/rustwide/cargo-home/bin/cargo" "+af3c6e733a40e671550e0f0f5aeecaa13772ba56" "metadata" "--no-deps" "--format-version=1", kill_on_drop: false }`
[INFO] [stdout] 199ee3a8388598f2c029cd175295064193f411fc75d2fc23d609e1d95f56df7b
[INFO] [stderr] WARNING: Your kernel does not support swap limit capabilities or the cgroup is not mounted. Memory limited without swap.
[INFO] running `Command { std: "docker" "start" "-a" "199ee3a8388598f2c029cd175295064193f411fc75d2fc23d609e1d95f56df7b", kill_on_drop: false }`
[INFO] running `Command { std: "docker" "inspect" "199ee3a8388598f2c029cd175295064193f411fc75d2fc23d609e1d95f56df7b", kill_on_drop: false }`
[INFO] running `Command { std: "docker" "rm" "-f" "199ee3a8388598f2c029cd175295064193f411fc75d2fc23d609e1d95f56df7b", kill_on_drop: false }`
[INFO] [stdout] 199ee3a8388598f2c029cd175295064193f411fc75d2fc23d609e1d95f56df7b
[INFO] running `Command { std: "docker" "create" "-v" "/var/lib/crater-agent-workspace/builds/worker-13/target:/opt/rustwide/target:rw,Z" "-v" "/var/lib/crater-agent-workspace/builds/worker-13/source:/opt/rustwide/workdir:ro,Z" "-v" "/var/lib/crater-agent-workspace/cargo-home:/opt/rustwide/cargo-home:ro,Z" "-v" "/var/lib/crater-agent-workspace/rustup-home:/opt/rustwide/rustup-home:ro,Z" "-e" "SOURCE_DIR=/opt/rustwide/workdir" "-e" "CARGO_TARGET_DIR=/opt/rustwide/target" "-e" "CARGO_INCREMENTAL=0" "-e" "RUST_BACKTRACE=full" "-e" "RUSTFLAGS=--cap-lints=forbid" "-e" "CARGO_HOME=/opt/rustwide/cargo-home" "-e" "RUSTUP_HOME=/opt/rustwide/rustup-home" "-w" "/opt/rustwide/workdir" "-m" "1610612736" "--user" "0:0" "--network" "none" "rustops/crates-build-env@sha256:d92eaeed33fa75130ca1ee6c8a01d1ffb62bac859dfdfb3450e3e5d1c0146529" "/opt/rustwide/cargo-home/bin/cargo" "+af3c6e733a40e671550e0f0f5aeecaa13772ba56" "check" "--frozen" "--all" "--all-targets" "--message-format=json", kill_on_drop: false }`
[INFO] [stderr] WARNING: Your kernel does not support swap limit capabilities or the cgroup is not mounted. Memory limited without swap.
[INFO] [stdout] 9d21fb48e6808c47d505d9c82c1ed830a2cc9428df1f6bcb5ea4773dc29501ed
[INFO] running `Command { std: "docker" "start" "-a" "9d21fb48e6808c47d505d9c82c1ed830a2cc9428df1f6bcb5ea4773dc29501ed", kill_on_drop: false }`
[INFO] [stderr] warning: dependency (genome) specified without providing a local path, Git repository, or version to use. This will be considered an error in future versions
[INFO] [stderr]     Blocking waiting for file lock on package cache
[INFO] [stderr]     Checking getrandom v0.1.15
[INFO] [stderr]     Checking rand_core v0.5.1
[INFO] [stderr]     Checking rand_chacha v0.2.2
[INFO] [stderr]     Checking rand v0.7.3
[INFO] [stderr]     Checking rand_distr v0.2.2
[INFO] [stderr]     Checking genome v0.2.0
[INFO] [stderr]     Checking neat v0.1.0 (/opt/rustwide/workdir)
[INFO] [stdout] error[E0432]: unresolved import `genome::connect_gene`
[INFO] [stdout]  --> src/main.rs:2:13
[INFO] [stdout]   |
[INFO] [stdout] 2 | use genome::connect_gene::Connect_gene;
[INFO] [stdout]   |             ^^^^^^^^^^^^ could not find `connect_gene` in `genome`
[INFO] [stdout] 
[INFO] [stdout] 
[INFO] [stdout] error[E0432]: unresolved import `genome::node`
[INFO] [stdout]  --> src/main.rs:3:13
[INFO] [stdout]   |
[INFO] [stdout] 3 | use genome::node::Node;
[INFO] [stdout]   |             ^^^^ could not find `node` in `genome`
[INFO] [stdout] 
[INFO] [stdout] 
[INFO] [stdout] error[E0432]: unresolved import `genome::connect_gene`
[INFO] [stdout]  --> src/main.rs:2:13
[INFO] [stdout]   |
[INFO] [stdout] 2 | use genome::connect_gene::Connect_gene;
[INFO] [stdout]   |             ^^^^^^^^^^^^ could not find `connect_gene` in `genome`
[INFO] [stdout] 
[INFO] [stdout] 
[INFO] [stdout] error[E0432]: unresolved import `genome::node`
[INFO] [stdout]  --> src/main.rs:3:13
[INFO] [stdout]   |
[INFO] [stdout] 3 | use genome::node::Node;
[INFO] [stdout]   |             ^^^^ could not find `node` in `genome`
[INFO] [stdout] 
[INFO] [stdout] 
[INFO] [stdout] error: aborting due to 2 previous errors
[INFO] [stdout] 
[INFO] [stdout] 
[INFO] [stdout] For more information about this error, try `rustc --explain E0432`.
[INFO] [stdout] 
[INFO] [stderr] error: could not compile `neat`.
[INFO] [stderr] 
[INFO] [stderr] To learn more, run the command again with --verbose.
[INFO] [stderr] warning: build failed, waiting for other jobs to finish...
[INFO] [stdout] error: aborting due to 2 previous errors
[INFO] [stdout] 
[INFO] [stdout] 
[INFO] [stdout] For more information about this error, try `rustc --explain E0432`.
[INFO] [stdout] 
[INFO] [stderr] error: build failed
[INFO] running `Command { std: "docker" "inspect" "9d21fb48e6808c47d505d9c82c1ed830a2cc9428df1f6bcb5ea4773dc29501ed", kill_on_drop: false }`
[INFO] running `Command { std: "docker" "rm" "-f" "9d21fb48e6808c47d505d9c82c1ed830a2cc9428df1f6bcb5ea4773dc29501ed", kill_on_drop: false }`
[INFO] [stdout] 9d21fb48e6808c47d505d9c82c1ed830a2cc9428df1f6bcb5ea4773dc29501ed
